ite?
True
Is 361259653 composite?
True
Is 19891577 a composite number?
False
Is 284055841 a composite number?
True
Is 39011521 composite?
False
Is 290700273 a prime number?
False
Is 7602841 a composite number?
False
Is 30420451 composite?
True
Is 2113747 prime?
True
Is 10126469 prime?
True
Is 6958139 prime?
False
Is 22037885 composite?
True
Is 8393054 a composite number?
True
Is 4879987 a composite number?
True
Is 38307499 a composite number?
True
Is 26224061 prime?
True
Is 216472987 prime?
False
Is 14522861 a composite number?
False
Is 32802587 prime?
False
Is 1017277 prime?
True
Is 13630769 composite?
False
Is 4448657 a prime number?
True
Is 39479207 a composite number?
True
Is 13567859 composite?
False
Is 9867505 composite?
True
Is 12462671 prime?
False
Is 113195999 a prime number?
False
Is 11096237 prime?
True
Is 94935842 a composite number?
True
Is 7538627 composite?
True
Is 245633 prime?
False
Is 6579829 composite?
False
Is 11060849 composite?
False
Is 1242433 a composite number?
True
Is 32242841 composite?
True
Is 9130697 a prime number?
False
Is 112539649 composite?
False
Is 150651187 prime?
False
Is 4578059 prime?
True
Is 3868777 composite?
True
Is 31168337 prime?
True
Is 6266999 a composite number?
True
Is 541020551 prime?
True
Is 35595521 composite?
True
Is 257474551 composite?
False
Is 1838684613 composite?
True
Is 170011187 prime?
True
Is 2287457 a composite number?
True
Is 22379341 composite?
True
Is 188437211 a prime number?
False
Is 952379 prime?
True
Is 62937587 a prime number?
False
Is 53147231 a composite number?
False
Is 3437003 a prime number?
False
Is 80432533 composite?
True
Is 130876261 a composite number?
True
Is 14819381 a prime number?
True
Is 10415507 composite?
True
Is 266862333 a prime number?
False
Is 290671417 a composite number?
False
Is 68257403 prime?
True
Is 339545053 a prime number?
True
Is 2376229 a prime number?
True
Is 104860853 a prime number?
True
Is 178691683 a composite number?
False
Is 30408557 prime?
True
Is 41067409 a prime number?
True
Is 70715 a composite number?
True
Is 674782187 composite?
True
Is 257258 composite?
True
Is 1406554 composite?
True
Is 15359411 a composite number?
True
Is 5213231 composite?
False
Is 7534463 prime?
True
Is 30771007 a composite number?
False
Is 3533471 composite?
False
Is 247560801 a prime number?
False
Is 3731813 a prime number?
False
Is 76561 a composite number?
False
Is 17661881 prime?
True
Is 3179551 prime?
True
Is 996578911 composite?
False
Is 1792309 a prime number?
True
Is 45970693 a prime number?
True
Is 60734971 prime?
False
Is 155361629 prime?
True
Is 161451463 a composite number?
True
Is 26880311 composite?
False
Is 197077451 composite?
False
Is 3557243 prime?
True
Is 3994069 a composite number?
False
Is 110634707 a prime number?
True
Is 9114355 a prime number?
False
Is 721973233 prime?
True
Is 23785843 composite?
False
Is 14795717 a composite number?
False
Is 513829 prime?
True
Is 190211111 composite?
False
Is 30259 composite?
False
Is 3327039049 a prime number?
True
Is 3272851 a prime number?
False
Is 376373 a composite number?
False
Is 33067403 prime?
True
Is 35632873 a prime number?
False
Is 189309457 a prime number?
True
Is 3627199 a composite number?
False
Is 23265799 a composite number?
True
Is 438864631 a prime number?
False
Is 18336499 a composite number?
False
Is 5257391 composite?
False
Is 96293013 a prime number?
False
Is 26425967 prime?
True
Is 66661643 a composite number?
True
Is 1484993 a prime number?
False
Is 16844249 composite?
False
Is 18082811 composite?
False
Is 1261069 composite?
False
Is 170367781 a prime number?
True
Is 1217221 a composite number?
True
Is 325511 composite?
True
Is 1545406 composite?
True
Is 297936187 composite?
False
Is 8498137 a composite number?
False
Is 16851551 a prime number?
True
Is 734993 composite?
True
Is 5797411 prime?
False
Is 3232607 prime?
False
Is 87811387 a prime number?
True
Is 17195719 prime?
True
Is 16444499 composite?
True
Is 7674053 a composite number?
True
Is 989069 a composite number?
True
Is 22775833 a composite number?
True
Is 16290317 prime?
True
Is 19767563 composite?
False
Is 22992482 composite?
True
Is 1384657 a composite number?
True
Is 194671 prime?
True
Is 1461149 composite?
True
Is 5599423 composite?
False
Is 26353843 a composite number?
True
Is 520549247 prime?
True
Is 6944321 a prime number?
False
Is 266261 a composite number?
False
Is 72577381 composite?
False
Is 26186297 composite?
False
Is 7146779 a prime number?
True
Is 81162383 prime?
False
Is 6425371 composite?
True
Is 40969729 prime?
True
Is 69253 a composite number?
True
Is 42051193 a prime number?
True
Is 2003579 a composite number?
True
Is 2552233 composite?
False
Is 82983091 composite?
False
Is 683329897 a composite number?
False
Is 7947271 prime?
True
Is 5967121 a composite number?
True
Is 283286617 composite?
False
Is 5992973 composite?
True
Is 53343047 a prime number?
False
Is 13878991 a prime number?
False
Is 15712121 prime?
True
Is 18713027 a composite number?
False
Is 25218811 prime?
True
Is 5411017 a composite number?
False
Is 104752927 a composite number?
False
Is 6224971 a prime number?
True
Is 45617863 a composite number?
True
Is 642086503 composite?
True
Is 3700531 prime?
False
Is 28199879 composite?
False
Is 5330461 a prime number?
False
Is 8443807 prime?
False
Is 110687591 composite?
True
Is 40441091 a composite number?
False
Is 1636501 composite?
False
Is 45102763 a prime number?
True
Is 22448579 a prime number?
True
Is 80309 a prime number?
True
Is 19362851 a composite number?
False
Is 81009503 a composite number?
True
Is 287068597 composite?
True
Is 109311941 a prime number?
True
Is 88197583 composite?
False
Is 3108649 a prime number?
False
Is 4611601 composite?
False
Is 645851 a prime number?
True
Is 206529899 a composite number?
False
Is 26327929 composite?
False
Is 33192263 a prime number?
False
Is 1481537 composite?
False
Is 264211 a prime number?
True
Is 533267563 prime?
False
Is 231661 a composite number?
False
Is 5110969 composite?
True
Is 8996831 prime?
True
Is 351497 prime?
True
Is 240329435 a prime number?
False
Is 17971939 prime?
True
Is 37336891 prime?
False
Is 12912619 composite?
False
Is 548309 prime?
True
Is 1693327 a composite number?
False
Is 21646663 composite?
True
Is 62624707 a composite number?
False
Is 1216543 composite?
False
Is 17740529 a composite number?
True
Is 101655209 a composite number?
False
Is 1700208181 prime?
False
Is 33253039 prime?
True
Is 61343471 a composite number?
True
Is 121451531 prime?
True
Is 282105763 composite?
True
Is 29869991 composite?
False
Is 838091 composite?
False
Is 112636901 prime?
False
Is 2229313 composite?
False
Is 8568631 a prime number?
False
Is 51695063 composite?
True
Is 321345053 composite?
False
Is 5821349 a prime number?
True
Is 48371539 a prime number?
False
Is 9206851 a prime number?
True
Is 435800917 composite?
True
Is 37294849 prime?
False
Is 144312653 prime?
True
Is 37799 a prime number?
True
Is 2396959 prime?
True
Is 352778471 a prime number?
True
Is 466664486 a composite number?
True
Is 1314541 composite?
True
Is 508031 composite?
True
Is 1360811 composite?
False
Is 518647 a prime number?
False
Is 20181311 composite?
False
Is 121063066 a composite number?
True
Is 13205081 composite?
False
Is 1823359 a composite number?
True
Is 945563 composite?
True
Is 9140587 a prime number?
True
Is 65450093 a prime number?
False
Is 71912069 composite?
True
Is 86911 a prime number?
False
Is 20721209 composite?
False
Is 1694857 a prime number?
False
Is 21542023 a composite number?
True
Is 274043543 a composite number?
False
Is 63528511 prime?
False
Is 1126973 prime?
True
Is 3890791 a prime number?
False
Is 46991201 a composite number?
True
Is 9519739 composite?
True
Is 24081593 prime?
False
Is 107621513 prime?
True
Is 300532327 composite?
False
Is 51117991 a composite number?
False
Is 1391605 a composite number?
True
Is 6535973 a composite number?
True
Is 110059151 composite?
True
Is 1494287 a composite number?
True
Is 18959309 prime?
True
Is 2467519 composite?
False
Is 110609959 a composite number?
False
Is 93841103 a prime number?
True
Is 59213111 a prime number?
True
Is 132268393 a composite number?
False
Is 65633531 prime?
False
Is 22380763